hat is the units digit of 2*-2*l/(-6)?
2
Let n(f) = f - 6. Let i be n(7). Let d be 110/(-6) + i/3. What is the units digit of (-1)/6 - 147/d?
8
Suppose -p + 5*d = -65, 3*p - 145 = -2*d + 7*d. What is the units digit of p?
0
Suppose 5*h = -4*j - 17, -5*j = 2*h + h + 18. What is the units digit of (3 - 0/j)*3?
9
Let w = -7 + 4. Let k = w - -8. Suppose 2*s = -y - s + 3, y + k*s - 1 = 0. What is the units digit of y?
6
Let v(d) = -d**3 + 3*d**2 + 4. Let t be v(3). Suppose -2 + 66 = t*n. What is the tens digit of n?
1
Suppose 0*y = y - 4. Let x be 4/(y/3)*1. Suppose -2*w + 4 = -s, -2*s - 4*w + 50 = x*s. What is the units digit of s?
6
Let c be -2*(-1 + 0)*1. Suppose 4*r - 102 = -p - 0*r, c*r = p - 84. Suppose -4*b + p = b. What is the units digit of b?
8
Let d(r) = r**3 + 14*r**2 - 18*r + 21. What is the tens digit of d(-15)?
6
Let n be (2 - 1)*-2 + 42. Let r = 59 - n. Let c = r + -12. What is the units digit of c?
7
Suppose -24 = 2*h + 2*h. What is the units digit of (-132)/(-21) + h/21?
6
Let i = -13 + 23. Suppose -i = c - 24. What is the units digit of c?
4
Suppose 44 = -3*c + 725. What is the units digit of c?
7
Suppose -4*l - c + 401 = 0, 2*l + 4*c - 140 = 64. What is the units digit of l?
0
Suppose 0 = -3*d - 3, 4*j - 2*d + 5 = 3. Let q = 2 - j. What is the units digit of q?
3
Let q = 3 + 2. Suppose q*v + 2 = -4*y, -5*v = -10*v - 10. Suppose -y*t + 60 = 3*t. What is the tens digit of t?
1
What is the tens digit of -4*(-2)/8*21?
2
Let y = 76 + 23. What is the tens digit of y?
9
Let z(s) = s + 7. Let d = 33 + -23. Let w = d + -14. What is the units digit of z(w)?
3
Let c(d) be the second derivative of -d**3/3 - 21*d**2/2 + 3*d. Let u(b) = -3*b - 41. Let a(v) = 5*c(v) - 3*u(v). What is the units digit of a(8)?
0
Suppose 7 = -2*r + 3*u, -4*r + 21 = 2*u - 5. Suppose 7*h - 42 = r*h. What is the units digit of h?
4
Let b(x) = -x**2 + 5*x - 3. Let k = 0 + 3. Let r be b(k). Suppose r*w + 10 = 4*w. What is the units digit of w?
0
Let q(f) = f**3 + 7*f**2 + 7*f + 6. Let w be q(-6). Let d = w - -16. What is the units digit of d?
6
Suppose 5*m + 5 = 5*a, 0*m + 23 = 3*a + 2*m. Suppose a*x - 223 = -83. What is the units digit of x?
8
Let z be 21/(-14) + 2/(-4). Let g = 12 - z. What is the tens digit of g?
1
What is the units digit of 1781/26 - (-3)/(-2)?
7
Let m(j) = -j**3 - 2*j**2 + 2*j + 1. Let p be m(-2). Let c = p - -22. What is the tens digit of c?
1
Let v(k) = k**3 - 4*k**2 - 3*k + 20. What is the units digit of v(6)?
4
Suppose 5*v = 3*q + 32, -5*v + q + 40 = 6*q. What is the units digit of v?
7
Let z(w) = -w**3 + w**2 + w + 15. Suppose q = 3*q. Suppose 2*x - 3*m + 3 = 0, -3*x + q*m + 5 = 5*m. What is the units digit of z(x)?
5
Suppose 10 = 4*a - 5*d, -3*a - 2*d + d + 17 = 0. Suppose -g = a, 0*f = -3*f - g - 23. Let o = 14 + f. What is the units digit of o?
8
Let a = -6 - -12. Suppose -q = -4*q + a. Suppose q*z + 3*x + 7 = 0, -x + 8 - 1 = 3*z. What is the units digit of z?
4
Suppose 0 = 4*g - 3*g + 4. Let h = 6 + g. Suppose -p - p = -h*j + 16, 2 = 2*j + 5*p. What is the units digit of j?
6
Let z = -4 - -5. Suppose -10 = -k + z. What is the tens digit of k?
1
Suppose -12 = -0*c + 3*c. Let j = c + -1. Let x = 8 + j. What is the units digit of x?
3
Let i = 67 + -48. Suppose 3*s = i + 29. What is the tens digit of s?
1
Let c = -6 + 11. Suppose -c*g = 3*n - 0*g - 178, -g + 158 = 3*n. Suppose 5*l - 4 = n. What is the tens digit of l?
1
Suppose 0*v + 5*v + 15 = 0. Let u(z) = z**2 + 2*z - 1. What is the units digit of u(v)?
2
Let n(w) = -3*w**3 - 19*w**2 + 10*w + 10. Let a(k) = 2*k**3 + 13*k**2 - 7*k - 7. Let p(g) = -7*a(g) - 5*n(g). What is the units digit of p(-4)?
3
Let s be ((-4)/(-6))/(5/15). Suppose -3*i = -s*i. Suppose i = 2*o - o - 2. What is the units digit of o?
2
Suppose -2*w = 0, 3*w = -i - 0*i + 21. What is the tens digit of i?
2
Let z(p) = p + 6. Let i be z(-6). Suppose -2*a + 12 + 8 = i. What is the units digit of a?
0
Suppose 59 = 2*c - 7. What is the units digit of c?
3
Let m(z) = 22*z - 8. What is the tens digit of m(3)?
5
Let r(d) = d**2 + 8*d + 2. Let o = 1 + 3. Suppose -o*c - 11 = 21. What is the units digit of r(c)?
2
What is the units digit of (2/3)/(10/405)?
7
What is the tens digit of 14/49 - (-514)/14?
3
Let z = 1 - 1. Let t = 2 - z. Suppose 3*m - 9 = t*m. What is the units digit of m?
9
Let a(s) = -s - 5. Let o be a(-5). Suppose o = -7*k + 3*k. Let i = 7 - k. What is the units digit of i?
7
Let w = -23 + 44. Let f be 6/w + 2/(-7). Suppose 5*v - 5*j - 5 = f, 0*j + 2*j - 2 = -2*v. What is the units digit of v?
1
Let s be ((-10)/6 + -2)*-3. Suppose 1 - s = -2*l. Suppose -l*g = -4*j - 32, 0 = -g - 4*j + 8*j. What is the units digit of g?
8
Let c(z) = -8*z - 5. Let j(p) = -2*p - 1. Let g(d) = 2*c(d) - 9*j(d). Let k be g(1). What is the units digit of (-1)/((-3)/27*k)?
9
Suppose 13*y - 9*y = 12. What is the units digit of 3/(3 - 8/y)?
9
Let w = 663 - 340. What is the tens digit of w?
2
Let s(b) = -2*b + 4. Let o be s(-6). Suppose 0 = 5*p + 5*u - 120, 3*p - 4*u + o = 81. Suppose -2*g - 3*g - j = -68, 2*g - j = p. What is the tens digit of g?
1
Let m be -14 + -1 - (-2 - 0). Let d = m - -8. What is the units digit of d*(1 - (-26)/(-10))?
8
Let q(x) = x**3 + 3*x**2 - 9*x + 4. What is the tens digit of q(5)?
5
Let y = 72 + -64. What is the units digit of y?
8
Suppose -5*a + 109 = 34. Suppose 3*x - a = -2*x. Suppose x*n = 2*n + 2. What is the units digit of n?
2
Let p = -6 - -11. Suppose 6 - 66 = -p*t. What is the tens digit of t?
1
Let i = 24 - -10. What is the tens digit of i?
3
Let q = 13 + -12. What is the units digit of 3 - (2 + -46) - q?
6
Let l(z) = z - 1. Let f be l(1). Suppose f = -5*t + t + 4. What is the units digit of t?
1
Suppose 8 = -5*x + 23, 0 = 5*i + x - 63. Suppose p + p = i. Suppose p*c - 6 = 3*c. What is the units digit of c?
2
What is the hundreds digit of (-64)/1*(7 + -5)*-1?
1
Let n = -268 - -383. What is the units digit of n?
5
Suppose -2*p = 3*u - 283, -5*u + 2*p = 5*p - 470. What is the units digit of u?
1
Let p(w) be the second derivative of w**4/12 - 7*w**3/6 + 9*w**2/2 + 3*w. What is the units digit of p(6)?
3
Suppose 2*l = -0*l. Let z be (-1 - 0) + l + -10. Let i = -5 - z. What is the units digit of i?
6
Let m(r) be the second derivative of 0 - 1/20*r**5 + r - 5/12*r**4 - 1/6*r**3 + 5/2*r**2. What is the tens digit of m(-5)?
1
What is the tens digit of (22/33)/((-4)/(-246))?
4
Suppose 2*g = 4*m + 18, 0*m = 4*g + 5*m - 75. What is the units digit of g?
5
Let c(f) = -24*f**3 + f**2 - 2*f. What is the hundreds digit of c(-2)?
2
Suppose -3*n + 15 = 3*o, o - 10 = 3*o - 2*n. Suppose -4*x = -o*x - 24. What is the units digit of x?
6
Suppose -3*i + 596 = 35. What is the hundreds digit of i?
1
Let v(q) = 2*q - 4. Let a be v(5). Let k be a - 6/(-3)*-1. Let x = 9 - k. What is the units digit of x?
5
What is the units digit of 38*3/6*1?
9
Let w(d) = -d**3 - 6*d**2 - 9*d - 4. What is the tens digit of w(-6)?
5
Suppose g = -4*g + 10. Let n = 7 + g. What is the units digit of n?
9
Suppose 2*q - j - 2*j - 547 = 0, -j = -5. What is the tens digit of q?
8
Let f(u) = -u + 8. Let s be f(4). Suppose 5*x - s = x. What is the units digit of x?
1
What is the hundreds digit of ((-1441)/(-44))/(1/4)?
1
Let v(j) = -22*j + 3. What is the units digit of v(-3)?
9
Let m be -1 + 2/((-2)/(-2)). Suppose -3*n - 4*o = -22, 5*n + 6 = 4*o - 0*o. Let y = n + m. What is the units digit of y?
3
Let p = 49 - -100. What is the units digit of p?
9
Let o(r) = 7*r - 4. Let y be o(7). What is the units digit of y/6 + (-1)/2?
7
Let d(c) = c**3 + 4*c**2 + 5*c + 2. Let i be d(-3). Let w(y) = -2*y**2 - 10*y - 1. What is the units digit of w(i)?
7
Suppose d = 2*u - 174, -5*d - 105 = -0*u - u. What is the tens digit of u?
8
Suppose -2*y + 5*q + 16 = q, 4 = -q. Suppose y = b + 7 - 21. What is the tens digit of b?
1
Suppose z - 4 - 7 = 0. Suppose z*b = 8*b + 81. What is the units digit of b?
7
Suppose -122 = -4*s + 2*l, -5*s - l = -21 - 135. What is the tens digit of s?
3
Let v(h) = 4*h**3 - 6*h**2 + 6*h - 3. Let r(t) = -4*t**3 + 7*t**2 - 7*t + 3. Let f(q) = -2*r(q) - 3*v(q). Let y be f(2). What is the units digit of (-4)/6*y/2?
7
Let y = -44 - -46. Suppose -3*h + 8 = -1. Suppose h*a - 30 = -y*a. What is the units digit of a?
6
Suppose -495 = -r - 4*r. What is the